).
15
Let w(j) = 536*j**2 + 4825*j + 2. What is w(-9)?
-7
Let g(d) = d**3 + 68*d**2 + 194*d - 88. Calculate g(-65).
-23
Let y(u) = -3*u**3 + 29*u**2 - 60*u - 34. What is y(6)?
2
Let x(i) = 46*i + 6048. Calculate x(-131).
22
Let v(i) = -191*i - 541. Give v(-3).
32
Let w(f) = -282*f**2 - 840*f + 5. Determine w(-3).
-13
Let d(n) = 3*n**2 - 128*n - 18. Give d(42).
-102
Let i(t) = t**3 - 10*t**2 - 2*t + 19. Give i(9).
-80
Let b(i) = 5*i**2 + 122*i + 740. Give b(-13).
-1
Let d(c) = 7*c**2 + 794*c + 339. Give d(-113).
0
Let u(w) = 638*w - 4468. Give u(7).
-2
Let l(d) = -3*d**3 + 19*d**2 + 12*d + 22. Give l(7).
8
Let a(p) = 101*p**2 + 2222*p + 4. What is a(-22)?
4
Let n(d) = d**3 - 2*d**2 - 62*d + 12. Determine n(-5).
147
Let x(n) = n**2 + 53*n + 315. What is x(-37)?
-277
Let a(j) = -15*j - 65. What is a(17)?
-320
Let s(z) = 2*z**2 - 17*z + 128. Calculate s(7).
107
Let v(m) = -17*m**3 - 2*m**2 + 14*m + 20. Determine v(-2).
120
Let j(g) = g**2 - 423*g - 2128. What is j(-5)?
12
Let k(y) = 27423*y + 191973. Determine k(-7).
12
Let l(s) = -183*s - 1474. What is l(-8)?
-10
Let t(d) = d**3 - 8*d**2 - 23*d - 124. Give t(11).
-14
Let p(f) = 29*f - 304. Calculate p(11).
15
Let j(f) = 2*f**2 - 14*f - 47. Calculate j(-3).
13
Let l(x) = 42*x - 1051. Determine l(37).
503
Let x(w) = 10*w**2 + 260*w - 23. Determine x(-26).
-23
Let i(t) = -t**3 + 9*t**2 - 55*t + 132. Give i(4).
-8
Let o(k) = -k**3 - 8*k**2 + 4*k + 46. Determine o(-7).
-31
Let x(m) = 90*m + 333. What is x(-4)?
-27
Let r(l) = -17*l + 2. Give r(-5).
87
Let j(a) = -3*a**2 - 90*a + 640. Give j(7).
-137
Let v(o) = o**3 + 7*o**2 + 2*o + 2. Determine v(0).
2
Let b(s) = -3*s**3 - 6*s**2 + 5. Calculate b(-2).
5
Let b(t) = -28*t**2 + 84*t - 496. Calculate b(6).
-1000
Let d(p) = 7*p - 179. Give d(15).
-74
Let y(z) = -4*z**2 + 106*z + 204. What is y(28)?
36
Let x(n) = -n**2 + 36*n + 12. Give x(32).
140
Let g(s) = 3*s**3 - s**2 - 12*s - 2. Determine g(-5).
-342
Let j(u) = -u**3 - 13*u**2 + 31*u + 143. Determine j(-14).
-95
Let f(y) = 219*y + 1758. What is f(-8)?
6
Let g(z) = -4*z**2 + 940*z - 6389. What is g(7)?
-5
Let z(l) = -2*l**3 - 5*l**2 + 23*l - 15. Calculate z(4).
-131
Let q(s) = 7*s**2 - 13*s - 14. Determine q(-1).
6
Let y(b) = 2*b**3 - b**2 - 35. Determine y(0).
-35
Let v(l) = -67*l**2 - 58*l - 1. Calculate v(-3).
-430
Let a(b) = -6*b**2 - 257*b - 1226. Give a(-5).
-91
Let b(a) = 15*a**2 + 8*a + 28. Give b(2).
104
Let h(t) = -3*t**3 - 81*t - 353. Calculate h(-4).
163
Let h(b) = 41*b**3 + 9*b - 10. Give h(2).
336
Let k(z) = 1565*z - 14093. Determine k(9).
-8
Let x(w) = 899*w + 4724. Give x(-5).
229
Let q(z) = -7*z - 43. Calculate q(-27).
146
Let t(d) = 17*d - 186. Give t(10).
-16
Let s(w) = -w**3 - 10*w**2 + 25*w + 63. Give s(-12).
51
Let x(l) = l**3 + l**2 - 9*l + 12. Determine x(-6).
-114
Let b(j) = -j**3 - 134*j**2 - 131*j - 13. Give b(-133).
-279
Let s(r) = -r**3 + 40*r**2 + 74*r - 9. Determine s(-2).
11
Let f(z) = -468*z - 4132. Give f(-9).
80
Let h(z) = 118*z - 7. What is h(-1)?
-125
Let f(w) = -17*w**3 + 510*w**2 - 4*w + 121. Give f(30).
1
Let m(p) = -6*p**2 - 12*p - 86. Calculate m(10).
-806
Let u(f) = -3*f**2 + 493*f - 5046. What is u(11)?
14
Let t(y) = y**2 + 191*y + 1811. Calculate t(-10).
1
Let j(w) = -4*w**3 + 3*w**2 + 9. What is j(-3)?
144
Let q(z) = 6*z**2 + 378*z + 715. Determine q(-61).
-17
Let j(i) = 4*i - 97. Give j(-34).
-233
Let h(a) = 2*a**3 + 55*a**2 + 26*a - 34. What is h(-27)?
-7
Let q(f) = 2*f**2 - 53*f - 223. What is q(28)?
-139
Let l(y) = -26280*y - 26285. Determine l(-1).
-5
Let a(y) = -y**3 + 34*y**2 + 111*y - 1. Determine a(37).
-1
Let k(s) = 2*s**3 + 19*s**2 + 34*s - 76. Determine k(-8).
-156
Let x(h) = h**3 - 46*h**2 - 46*h - 77. What is x(47)?
-30
Let d(g) = 538*g**3 + 16*g**2 - 1. Determine d(-1).
-523
Let r(t) = t**3 - 306*t**2 + 508*t + 30405. Determine r(304).
5
Let c(s) = s**3 + 32*s**2 + 225*s - 41. What is c(-21)?
85
Let d(x) = 10*x + 486. What is d(-44)?
46
Let d(u) = -1603*u - 6407. Give d(-4).
5
Let f(y) = -3*y**3 - 42*y**2 - 28*y - 379. Give f(-14).
13
Let y(x) = x**3 + 94*x**2 + 1247*x - 35. What is y(-16)?
-19
Let p(q) = -q**3 + 5*q**2 + 16*q - 6. What is p(10)?
-346
Let p(r) = r**2 - 21*r - 74. Give p(25).
26
Let f(j) = 875*j + 12253. Calculate f(-14).
3
Let q(w) = w**3 + 28*w**2 - 165*w + 6. Calculate q(-33).
6
Let y(k) = -244*k - 12208. What is y(-50)?
-8
Let y(p) = -p**3 - 2*p**2 - 61*p - 348. Give y(-6).
162
Let u(k) = -122*k**3 - 367*k**2 - 6*k - 14. Calculate u(-3).
-5
Let t(i) = -i**2 - 23*i + 668. Give t(21).
-256
Let j(u) = u**3 - 43*u**2 + 191*u - 36. Determine j(38).
2
Let r(t) = t**2 - 41*t - 1565. Give r(65).
-5
Let o(k) = -211*k - 2071. What is o(-10)?
39
Let m(t) = 400*t - 1031. Calculate m(5).
969
Let a(k) = -1009*k + 1995. Determine a(2).
-23
Let q(g) = 5*g - 106. Calculate q(-6).
-136
Let k(v) = 6*v**3 - 44*v**2 - 462*v - 10. Determine k(-6).
-118
Let y(z) = -2*z**2 - 70*z - 32. What is y(-35)?
-32
Let k(a) = -a**2 + 19*a - 113. Calculate k(12).
-29
Let i(n) = 307*n + 900. What is i(-2)?
286
Let x(g) = g**2 - 96*g + 1014. Calculate x(84).
6
Let t(v) = 145*v + 2884. Give t(-20).
-16
Let f(a) = -a**2 + 56*a - 159. Determine f(0).
-159
Let w(f) = 839*f - 11061. What is w(13)?
-154
Let g(b) = 2*b**3 - 33*b**2 + 40*b - 448. Give g(16).
-64
Let o(g) = -g**3 + 39*g**2 - 98*g + 897. What is o(37)?
9
Let o(r) = -5*r**3 + 22*r**2 + 21*r - 57. Determine o(5).
-27
Let d(u) = -6918*u - 13836. Give d(-2).
0
Let r(f) = -73*f - 917. Give r(-17).
324
Let f(v) = -v**3 - 4*v**2 + 24*v - 23. What is f(-7)?
-44
Let v(j) = -151*j**3 - j**2 + 4*j - 2. Calculate v(1).
-150
Let o(k) = k**2 - 370*k - 743. Determine o(-2).
1
Let w(f) = f**3 - 64*f**2 + 289*f + 375. Calculate w(59).
21
Let j(u) = 2*u**2 - 25*u - 9. Calculate j(13).
4
Let f(q) = -6*q**2 - 71*q - 375. Determine f(-6).
-165
Let i(z) = 81*z + 271. Determine i(-3).
28
Let i(w) = w**3 + 10*w**2 + 11*w - 36. Determine i(-12).
-456
Let m(j) = -220*j - 1593. Give m(-7).
-53
Let i(o) = -o**3 + 2*o**2 - 9. Calculate i(-2).
7
Let d(j) = j**3 + 54*j**2 - 635*j + 331. What is d(-64)?
11
Let o(s) = -2*s**2 + 309*s - 1790. Determine o(149).
-151
Let s(k) = k**2 - 2*k - 904. Give s(31).
-5
Let n(t) = -t**2 - 79*t - 714. Calculate n(-10).
-24
Let k(l) = 2*l**2 + 520*l - 3142. Calculate k(6).
50
Let h(q) = 2*q**2 + 90*q - 282. What is h(3)?
6
Let j(d) = -98*d - 184. What is j(0)?
-184
Let i(m) = m**2 + 7*m - 4. Give i(8).
116
Let w(t) = -3*t**2 + 13*t + 64. Calculate w(7).
8
Let y(z) = -55*z + 430. Calculate y(7).
45
Let f(c) = 6*c**2 - 10*c + 138. Give f(6).
294
Let u(m) = 30*m - 472. Give u(24).
248
Let z(d) = -d**3 - 18*d**2 - 48*d + 117. Determine z(-14).
5
Let c(m) = 183*m - 1133. Calculate c(6).
-35
Let t(u) = 3*u - 152. What is t(39)?
-35
Let n(d) = -88*d + 1512. Calculate n(18).
-72
Let p(n) = -n**2 - 455*n - 37481. Calculate p(-108).
-5
Let g(y) = 5*y**3 + 4*y**2 + 9*y + 12. Calculate g(-2).
-30
Let k(g) = -1542*g - 3078. Determine k(-2).
6
Let u(i) = -2*i**3 + 89*i**2 - 135*i + 256. What is u(43)?
-2
Let v(u) = u**3 - 30*u**2 + 145*u - 11. Determine v(6).
-5
Let d(c) = 13*c + 2387. Give d(-185).
-18
Let o(b) = -18275*b + 18276. Give o(1).
1
Let h(v) = -11*v - 334. Calculate h(-28).
-26
Let n(z) = 4*z**3 - 2*z**2 - 4*z - 3. Calculate n(0).
-3
Let s(z) = -7*z**3 - 50*z**2 - 59*z - 55. Determine s(-6).
11
Let v(c) = 17*c**3 - 4*c**2 - 14*c - 9. Calculate v(-1).
-16
Let w(z) = 2*z**3 - 21*z**2 - 4*z + 143. Calculate w(10).
3
Let m(a) = -a**3 - 27*a**2 + 14*a - 56. What is m(-28)?
336
Let r(s) = -14*s**2 + 30*s + 5. What is r(6)?
-319
Let q(t) = t**2 - 9*t - 4. What is q(20)?
216
Let o(d) = 3*d**2 - 820*d - 6746. Calculate o(-8).
6
Let m(t) = t**3 - 16*t**2 + 29*t + 133. Calculate m(14).
147
Let i(w) = -w**3 - 28*w**2 + 55*w - 288. What is i(-30)?
-138
Let o(k) = k**2 - 42*k + 204. Determine o(5).
19
Let v(h) = -44*h - 245. What is v(8)?
-597
Let a(y) = -2*y**3 - 37*y**2 - 153*y + 39. What is a(-12)?
3
Let g(a) = 84*a - 90. Give g(1).
-6
Let z(f) = 4*f**2 + 11*f - 98. Calculate z(7).
175
Let q(z) = -13*z + 45. Calculate q(4).
-7
Let o(k) = 125*k - 11503. Give o(92).
-3
Let a(v) = v**2 + 26*v + 168. What is a(-12)?
0
Let r(t) = 2*t**2 + 42*t + 185. Determine r(-6).
5
Let x(z) = 4*z**2 - 146*z + 97. Determine x(3